{"id":19,"date":"2019-10-09T15:24:09","date_gmt":"2019-10-09T13:24:09","guid":{"rendered":"http:\/\/net-spirit.at\/?page_id=19"},"modified":"2024-11-17T18:43:30","modified_gmt":"2024-11-17T17:43:30","slug":"ueber-mich","status":"publish","type":"page","link":"https:\/\/test1.wunder-entdecken.at\/?page_id=19","title":{"rendered":"\u00fcber mich"},"content":{"rendered":"\n<div class=\"wp-block-media-text alignfull is-stacked-on-mobile is-vertically-aligned-center\" style=\"border-style:none;border-width:0px;border-radius:0px;grid-template-columns:27% auto\"><figure class=\"wp-block-media-text__media\"><img fetchpriority=\"high\" decoding=\"async\" width=\"828\" height=\"1024\" src=\"https:\/\/v1.net-spirit.at\/wp-content\/uploads\/2024\/11\/claudi_sw-828x1024.jpg\" alt=\"\" class=\"wp-image-761 size-full\" srcset=\"https:\/\/test1.wunder-entdecken.at\/wp-content\/uploads\/2024\/11\/claudi_sw-828x1024.jpg 828w, https:\/\/test1.wunder-entdecken.at\/wp-content\/uploads\/2024\/11\/claudi_sw-243x300.jpg 243w, https:\/\/test1.wunder-entdecken.at\/wp-content\/uploads\/2024\/11\/claudi_sw-2000x2474.jpg 2000w\" sizes=\"(max-width: 828px) 100vw, 828px\" \/><\/figure><div class=\"wp-block-media-text__content\">\n<p>Mein Name ist Claudia Fasching-Schmiedt. <br \/>Seit vielen Jahren arbeite ich selbstst\u00e4ndig als psychosoziale Expertin und begleite Menschen in herausfordernden Lebenssituationen.<br \/>F\u00fcr mich liegt der Schl\u00fcssel zum Erfolg in einer individuell abgestimmten, pers\u00f6nlichen Herangehensweise.<br \/>Meine Intuition f\u00fchrte mich wie ein Kompass durch mein Leben zu vielen unterschiedlichsten Menschen die mich lehrten meiner Intuition zu vertrauen.<br \/>Jedes noch so unwichtige Ereignis wurde f\u00fcr mich zum Unterricht, jede Krise zum Lehrmeister denn das Leben ist die beste Universit\u00e4t!<\/p>\n<p>Auf meinen Reisen rund um die Welt durfte ich medial veranlagte Menschen und Heiler treffen und bekam die M\u00f6glichkeit unterschiedliche Wahrnehmungen kennen zu lernen mich weiter zu entwickeln um noch besser und pr\u00e4ziser zu werden.<br \/>Viele Reisen und Erkenntnisse sp\u00e4ter lebe ich eine f\u00fcr mich gute und gesunde Kombination zwischen erlernten Wissen und intuitiven Ersp\u00fcren.<br \/>Diese Kombination l\u00e4sst mein Leben zu einem gl\u00fccklichen und erfolgreichen Abenteuer werden.<br \/>Heute arbeite ich mit den unterschiedlichsten Menschen in den verschiedensten Lebenssituationen mit den passenden Techniken und der sensitiven Kraft meiner Wahrnehmung.<br \/>Ich w\u00fcnsche mir das jeder Mensch sein eigenes Potenzial in sich findet um die Freiheit zu genie\u00dfen Wunder zu entdecken.<br \/>Eure Claudia\u2764\ufe0f<\/p>\n<\/div><\/div>\n","protected":false},"excerpt":{"rendered":"","protected":false},"author":1,"featured_media":0,"parent":0,"menu_order":0,"comment_status":"closed","ping_status":"closed","template":"","meta":{"footnotes":""},"class_list":["post-19","page","type-page","status-publish","hentry"],"_links":{"self":[{"href":"https:\/\/test1.wunder-entdecken.at\/index.php?rest_route=\/wp\/v2\/pages\/19","targetHints":{"allow":["GET"]}}],"collection":[{"href":"https:\/\/test1.wunder-entdecken.at\/index.php?rest_route=\/wp\/v2\/pages"}],"about":[{"href":"https:\/\/test1.wunder-entdecken.at\/index.php?rest_route=\/wp\/v2\/types\/page"}],"author":[{"embeddable":true,"href":"https:\/\/test1.wunder-entdecken.at\/index.php?rest_route=\/wp\/v2\/users\/1"}],"replies":[{"embeddable":true,"href":"https:\/\/test1.wunder-entdecken.at\/index.php?rest_route=%2Fwp%2Fv2%2Fcomments&post=19"}],"version-history":[{"count":43,"href":"https:\/\/test1.wunder-entdecken.at\/index.php?rest_route=\/wp\/v2\/pages\/19\/revisions"}],"predecessor-version":[{"id":888,"href":"https:\/\/test1.wunder-entdecken.at\/index.php?rest_route=\/wp\/v2\/pages\/19\/revisions\/888"}],"wp:attachment":[{"href":"https:\/\/test1.wunder-entdecken.at\/index.php?rest_route=%2Fwp%2Fv2%2Fmedia&parent=19"}],"curies":[{"name":"wp","href":"https:\/\/api.w.org\/{rel}","templated":true}]}}